{"id":117,"date":"2015-02-17T14:56:47","date_gmt":"2015-02-17T14:56:47","guid":{"rendered":"http:\/\/oeae.uprrp.edu\/?page_id=117"},"modified":"2020-11-17T23:28:33","modified_gmt":"2020-11-17T23:28:33","slug":"contact-us-2","status":"publish","type":"page","link":"https:\/\/oeae.uprrp.edu\/?page_id=117","title":{"rendered":"CONTACT US"},"content":{"rendered":"<p><a href=\"http:\/\/oeae.uprrp.edu\/wp-content\/uploads\/2018\/07\/Contactos-para-informacion-y-servicios-de-la-OEAE-REV-JULIO-2018.pdf\">Contactos para informacion y servicios de la OEAE REV JULIO 2018<\/a><\/p>\n<p><a href=\"http:\/\/oeae.uprrp.edu\/wp-content\/uploads\/2018\/07\/Contactos-para-informaci\u00f3n-y-servicios-de-la-OEAE-REV-JULIO-2018.pdf\">Contactos para informaci\u00f3n y servicios de la OEAE REV JULIO 2018<\/a><\/p>\n<p><a href=\"http:\/\/oeae.uprrp.edu\/wp-content\/uploads\/2018\/07\/Contactos-para-informaci\u00f3n-y-servicios-de-la-OEAE-REV-JULIO-2018.pdf\">Contactos para informaci\u00f3n y servicios de la OEAE REV JULIO 2018<\/a><\/p>\n<p><a href=\"http:\/\/oeae.uprrp.edu\/wp-content\/uploads\/2018\/07\/Contactos-para-informaci\u00f3n-y-servicios-de-la-OEAE-REV-JULIO-2018.pdf\">Contactos para informaci\u00f3n y servicios de la OEAE REV JULIO 2018<\/a><\/p>\n<p><a href=\"http:\/\/oeae.uprrp.edu\/wp-content\/uploads\/2018\/07\/Contactos-para-informaci\u00f3n-y-servicios-de-la-OEAE-REV-JULIO-2018.pdf\">Contactos para informaci\u00f3n y servicios de la OEAE REV JULIO 2018<\/a><\/p>\n<p><a href=\"http:\/\/oeae.uprrp.edu\/wp-content\/uploads\/2018\/07\/Contactos-para-informaci\u00f3n-y-servicios-de-la-OEAE-REV-JULIO-2018.pdf\">Contactos para informaci\u00f3n y servicios de la OEAE REV JULIO 2018<\/a><\/p>\n<p>&nbsp;<\/p>\n","protected":false},"excerpt":{"rendered":"<p>Contactos para informacion y servicios de la OEAE REV JULIO 2018 Contactos para informaci\u00f3n y servicios de la OEAE REV JULIO 2018 Contactos para informaci\u00f3n y servicios de la OEAE REV JULIO 2018 Contactos para informaci\u00f3n y servicios de la OEAE REV JULIO 2018 Contactos para informaci\u00f3n y servicios de la OEAE REV JULIO 2018<\/p>\n<div class=\"read-more\"><a href=\"https:\/\/oeae.uprrp.edu\/?page_id=117\" title=\"Read More\">Read More<\/a><\/div>\n","protected":false},"author":2,"featured_media":0,"parent":0,"menu_order":0,"comment_status":"closed","ping_status":"closed","template":"page-blocks.php","meta":{"footnotes":""},"class_list":["post-117","page","type-page","status-publish"],"_links":{"self":[{"href":"https:\/\/oeae.uprrp.edu\/index.php?rest_route=\/wp\/v2\/pages\/117","targetHints":{"allow":["GET"]}}],"collection":[{"href":"https:\/\/oeae.uprrp.edu\/index.php?rest_route=\/wp\/v2\/pages"}],"about":[{"href":"https:\/\/oeae.uprrp.edu\/index.php?rest_route=\/wp\/v2\/types\/page"}],"author":[{"embeddable":true,"href":"https:\/\/oeae.uprrp.edu\/index.php?rest_route=\/wp\/v2\/users\/2"}],"replies":[{"embeddable":true,"href":"https:\/\/oeae.uprrp.edu\/index.php?rest_route=%2Fwp%2Fv2%2Fcomments&post=117"}],"version-history":[{"count":7,"href":"https:\/\/oeae.uprrp.edu\/index.php?rest_route=\/wp\/v2\/pages\/117\/revisions"}],"predecessor-version":[{"id":2923,"href":"https:\/\/oeae.uprrp.edu\/index.php?rest_route=\/wp\/v2\/pages\/117\/revisions\/2923"}],"wp:attachment":[{"href":"https:\/\/oeae.uprrp.edu\/index.php?rest_route=%2Fwp%2Fv2%2Fmedia&parent=117"}],"curies":[{"name":"wp","href":"https:\/\/api.w.org\/{rel}","templated":true}]}}